{"id":26885,"date":"2023-03-23T16:09:50","date_gmt":"2023-03-23T15:09:50","guid":{"rendered":"https:\/\/www.christiani.de\/cms\/?page_id=26885"},"modified":"2023-03-23T16:25:11","modified_gmt":"2023-03-23T15:25:11","slug":"shk-arbeitsblaetter","status":"publish","type":"page","link":"https:\/\/www.christiani.de\/cms\/shk-arbeitsblaetter\/","title":{"rendered":"SHK-Arbeitsbl\u00e4tter"},"content":{"rendered":"<p><div class=\"fusion-fullwidth fullwidth-box fusion-builder-row-1 fusion-flex-container has-pattern-background has-mask-background gradient-container-1 nonhundred-percent-fullwidth non-hundred-percent-height-scrolling\" style=\"--awb-border-radius-top-left:0px;--awb-border-radius-top-right:0px;--awb-border-radius-bottom-right:0px;--awb-border-radius-bottom-left:0px;--awb-flex-wrap:wrap;\" ><div class=\"fusion-builder-row fusion-row fusion-flex-align-items-flex-start fusion-flex-content-wrap\" style=\"max-width:1263.6px;margin-left: calc(-4% \/ 2 );margin-right: calc(-4% \/ 2 );\"><div class=\"fusion-layout-column fusion_builder_column fusion-builder-column-0 fusion_builder_column_1_1 1_1 fusion-flex-column\" style=\"--awb-bg-size:cover;--awb-width-large:100%;--awb-margin-top-large:0px;--awb-spacing-right-large:1.92%;--awb-margin-bottom-large:20px;--awb-spacing-left-large:1.92%;--awb-width-medium:100%;--awb-order-medium:0;--awb-spacing-right-medium:1.92%;--awb-spacing-left-medium:1.92%;--awb-width-small:100%;--awb-order-small:0;--awb-spacing-right-small:1.92%;--awb-spacing-left-small:1.92%;\"><div class=\"fusion-column-wrapper fusion-column-has-shadow fusion-flex-justify-content-flex-start fusion-content-layout-column\"><div class=\"fusion-title title fusion-title-1 fusion-sep-none fusion-title-text fusion-title-size-one\"><h1 class=\"fusion-title-heading title-heading-left\" style=\"margin:0;text-transform:none;\">Kostenlose SHK-Arbeitsbl\u00e4tter<\/h1><\/div><div class=\"fusion-text fusion-text-1\"><p>F\u00fcr\u00a0<strong>Azubis zum Anlagenmechaniker\/-in SHK<\/strong> stellen wir <strong>kostenlos Arbeitsbl\u00e4tter<\/strong> mit ausbildungsrelevanten Aufgaben bereit. Die Auszubildenden k\u00f6nnen die Aufgaben im Selbststudium bearbeiten oder diese durch ihren Ausbilder\/Berufsschullehrer korrigieren lassen und sich so auf die n\u00e4chsten Pr\u00fcfung vorbereiten. Selbstverst\u00e4ndlich gibt es die <strong>L\u00f6sungen<\/strong> zu den Arbeitsbl\u00e4ttern ebenfalls<strong>\u00a0unkompliziert<\/strong> von uns.<\/p>\n<\/div><\/div><\/div><\/div><\/div><div class=\"fusion-fullwidth fullwidth-box fusion-builder-row-2 fusion-flex-container has-pattern-background has-mask-background gradient-container-2 nonhundred-percent-fullwidth non-hundred-percent-height-scrolling\" style=\"--awb-border-radius-top-left:0px;--awb-border-radius-top-right:0px;--awb-border-radius-bottom-right:0px;--awb-border-radius-bottom-left:0px;--awb-flex-wrap:wrap;\" ><div class=\"fusion-builder-row fusion-row fusion-flex-align-items-flex-start fusion-flex-content-wrap\" style=\"max-width:1263.6px;margin-left: calc(-4% \/ 2 );margin-right: calc(-4% \/ 2 );\"><div class=\"fusion-layout-column fusion_builder_column fusion-builder-column-1 fusion_builder_column_1_1 1_1 fusion-flex-column\" style=\"--awb-bg-size:cover;--awb-width-large:100%;--awb-margin-top-large:0px;--awb-spacing-right-large:1.92%;--awb-margin-bottom-large:20px;--awb-spacing-left-large:1.92%;--awb-width-medium:100%;--awb-order-medium:0;--awb-spacing-right-medium:1.92%;--awb-spacing-left-medium:1.92%;--awb-width-small:100%;--awb-order-small:0;--awb-spacing-right-small:1.92%;--awb-spacing-left-small:1.92%;\"><div class=\"fusion-column-wrapper fusion-column-has-shadow fusion-flex-justify-content-flex-start fusion-content-layout-column\"><div class=\"fusion-text fusion-text-2\"><h3 class=\"fusion-responsive-typography-calculated\" data-fontsize=\"24\" data-lineheight=\"31.92px\">Folgende Arbeitsbl\u00e4tter und Themen stellen wir Ihnen kostenlos zur Verf\u00fcgung:<\/h3>\n<ul>\n<li>Arbeitsblatt 1: Gastechnik<\/li>\n<li>Arbeitsblatt 2: Montage eines R\u00fcckstauverschlusses<\/li>\n<li>Arbeitsblatt 3: Trinkwasser<\/li>\n<li>Arbeitsblatt 4: Waschtisch<\/li>\n<li>Arbeitsblatt 5: Winkelschleifer<\/li>\n<li>Arbeitsblatt 6: Au\u00dfenzapfstelle<\/li>\n<li>Arbeitsblatt 7: F\u00fcgeverfahren<\/li>\n<li>Arbeitsblatt 8: Hydraulischer Abgleich<\/li>\n<li>Arbeitsblatt 9: Solare Trinkwassererw\u00e4rmung<\/li>\n<li>Arbeitsblatt 10: Wartung von Bauteilen der Trinkwasserinstallation<\/li>\n<li>Arbeitsblatt 11: Sanit\u00e4rr\u00e4ume ausstatten<\/li>\n<\/ul>\n<\/div><\/div><\/div><\/div><\/div><div class=\"fusion-fullwidth fullwidth-box fusion-builder-row-3 fusion-flex-container has-pattern-background has-mask-background gradient-container-3 nonhundred-percent-fullwidth non-hundred-percent-height-scrolling\" style=\"--awb-border-radius-top-left:0px;--awb-border-radius-top-right:0px;--awb-border-radius-bottom-right:0px;--awb-border-radius-bottom-left:0px;--awb-flex-wrap:wrap;\" ><div class=\"fusion-builder-row fusion-row fusion-flex-align-items-stretch fusion-flex-justify-content-center fusion-flex-content-wrap\" style=\"max-width:1263.6px;margin-left: calc(-4% \/ 2 );margin-right: calc(-4% \/ 2 );\"><div class=\"fusion-layout-column fusion_builder_column fusion-builder-column-2 fusion_builder_column_1_2 1_2 fusion-flex-column\" style=\"--awb-bg-size:cover;--awb-width-large:50%;--awb-margin-top-large:0px;--awb-spacing-right-large:3.84%;--awb-margin-bottom-large:20px;--awb-spacing-left-large:3.84%;--awb-width-medium:100%;--awb-order-medium:0;--awb-spacing-right-medium:1.92%;--awb-spacing-left-medium:1.92%;--awb-width-small:100%;--awb-order-small:0;--awb-spacing-right-small:1.92%;--awb-spacing-left-small:1.92%;\"><div class=\"fusion-column-wrapper fusion-column-has-shadow fusion-flex-justify-content-center fusion-content-layout-column\"><div style=\"text-align:right;\"><a class=\"fusion-button button-flat fusion-button-default-size button-default fusion-button-default button-1 fusion-button-default-span fusion-button-default-type\" target=\"_self\" href=\"https:\/\/www.christiani.de\/cms\/download\/26896\/?tmstv=1679568272\"><span class=\"fusion-button-text\">Arbeitsbl\u00e4tter mit L\u00f6sungen f\u00fcr den Ausbilder<\/span><\/a><\/div><\/div><\/div><div class=\"fusion-layout-column fusion_builder_column fusion-builder-column-3 fusion_builder_column_1_2 1_2 fusion-flex-column\" style=\"--awb-bg-size:cover;--awb-width-large:50%;--awb-margin-top-large:0px;--awb-spacing-right-large:3.84%;--awb-margin-bottom-large:20px;--awb-spacing-left-large:3.84%;--awb-width-medium:100%;--awb-order-medium:0;--awb-spacing-right-medium:1.92%;--awb-spacing-left-medium:1.92%;--awb-width-small:100%;--awb-order-small:0;--awb-spacing-right-small:1.92%;--awb-spacing-left-small:1.92%;\"><div class=\"fusion-column-wrapper fusion-column-has-shadow fusion-flex-justify-content-center fusion-content-layout-column\"><div style=\"text-align:left;\"><a class=\"fusion-button button-flat fusion-button-default-size button-default fusion-button-default button-2 fusion-button-default-span fusion-button-default-type\" target=\"_self\" href=\"https:\/\/www.christiani.de\/cms\/download\/26893\/?tmstv=1679568272\"><span class=\"fusion-button-text\">Arbeitsbl\u00e4tter f\u00fcr den Auszubildenden<\/span><\/a><\/div><\/div><\/div><\/div><\/div><\/p>\n","protected":false},"excerpt":{"rendered":"","protected":false},"author":16,"featured_media":0,"parent":0,"menu_order":0,"comment_status":"closed","ping_status":"closed","template":"","meta":{"footnotes":""},"class_list":["post-26885","page","type-page","status-publish","hentry"],"yoast_head":"<!-- This site is optimized with the Yoast SEO plugin v23.4 - https:\/\/yoast.com\/wordpress\/plugins\/seo\/ -->\n<title>SHK-Arbeitsbl\u00e4tter - Lehr- und Pr\u00fcfungsmaterial f\u00fcr Schule &amp; Ausbildung | Christiani.de<\/title>\n<meta name=\"description\" content=\"Kostenlose SHK-Arbeitsbl\u00e4tter - F\u00fcr\u00a0Azubis zum Anlagenmechaniker\/-in SHK stellen wir kostenlos Arbeitsbl\u00e4tter mit ausbildungsrelevanten Aufgaben bereit. Di\" \/>\n<meta name=\"robots\" content=\"index, follow, max-snippet:-1, max-image-preview:large, max-video-preview:-1\" \/>\n<link rel=\"canonical\" href=\"https:\/\/www.christiani.de\/cms\/shk-arbeitsblaetter\/\" \/>\n<meta property=\"og:locale\" content=\"de_DE\" \/>\n<meta property=\"og:type\" content=\"article\" \/>\n<meta property=\"og:title\" content=\"SHK-Arbeitsbl\u00e4tter - Lehr- und Pr\u00fcfungsmaterial f\u00fcr Schule &amp; Ausbildung | Christiani.de\" \/>\n<meta property=\"og:description\" content=\"Kostenlose SHK-Arbeitsbl\u00e4tter - F\u00fcr\u00a0Azubis zum Anlagenmechaniker\/-in SHK stellen wir kostenlos Arbeitsbl\u00e4tter mit ausbildungsrelevanten Aufgaben bereit. Di\" \/>\n<meta property=\"og:url\" content=\"https:\/\/www.christiani.de\/cms\/shk-arbeitsblaetter\/\" \/>\n<meta property=\"og:site_name\" content=\"Lehr- und Pr\u00fcfungsmaterial f\u00fcr Schule &amp; Ausbildung | Christiani.de\" \/>\n<meta property=\"article:modified_time\" content=\"2023-03-23T15:25:11+00:00\" \/>\n<meta name=\"twitter:card\" content=\"summary_large_image\" \/>\n<meta name=\"twitter:label1\" content=\"Gesch\u00e4tzte Lesezeit\" \/>\n\t<meta name=\"twitter:data1\" content=\"8 Minuten\" \/>\n<script type=\"application\/ld+json\" class=\"yoast-schema-graph\">{\"@context\":\"https:\/\/schema.org\",\"@graph\":[{\"@type\":\"WebPage\",\"@id\":\"https:\/\/www.christiani.de\/cms\/shk-arbeitsblaetter\/\",\"url\":\"https:\/\/www.christiani.de\/cms\/shk-arbeitsblaetter\/\",\"name\":\"SHK-Arbeitsbl\u00e4tter - Lehr- und Pr\u00fcfungsmaterial f\u00fcr Schule &amp; Ausbildung | Christiani.de\",\"isPartOf\":{\"@id\":\"https:\/\/www.christiani.de\/cms\/#website\"},\"datePublished\":\"2023-03-23T15:09:50+00:00\",\"dateModified\":\"2023-03-23T15:25:11+00:00\",\"description\":\"Kostenlose SHK-Arbeitsbl\u00e4tter - F\u00fcr\u00a0Azubis zum Anlagenmechaniker\/-in SHK stellen wir kostenlos Arbeitsbl\u00e4tter mit ausbildungsrelevanten Aufgaben bereit. Di\",\"breadcrumb\":{\"@id\":\"https:\/\/www.christiani.de\/cms\/shk-arbeitsblaetter\/#breadcrumb\"},\"inLanguage\":\"de-DE\",\"potentialAction\":[{\"@type\":\"ReadAction\",\"target\":[\"https:\/\/www.christiani.de\/cms\/shk-arbeitsblaetter\/\"]}]},{\"@type\":\"BreadcrumbList\",\"@id\":\"https:\/\/www.christiani.de\/cms\/shk-arbeitsblaetter\/#breadcrumb\",\"itemListElement\":[{\"@type\":\"ListItem\",\"position\":1,\"name\":\"christiani.de\",\"item\":\"https:\/\/www.christiani.de\"},{\"@type\":\"ListItem\",\"position\":2,\"name\":\"SHK-Arbeitsbl\u00e4tter\"}]},{\"@type\":\"WebSite\",\"@id\":\"https:\/\/www.christiani.de\/cms\/#website\",\"url\":\"https:\/\/www.christiani.de\/cms\/\",\"name\":\"Lehr- und Pr\u00fcfungsmaterial f\u00fcr Schule &amp; Ausbildung | Christiani.de\",\"description\":\"Christiani.de\",\"potentialAction\":[{\"@type\":\"SearchAction\",\"target\":{\"@type\":\"EntryPoint\",\"urlTemplate\":\"https:\/\/www.christiani.de\/cms\/?s={search_term_string}\"},\"query-input\":{\"@type\":\"PropertyValueSpecification\",\"valueRequired\":true,\"valueName\":\"search_term_string\"}}],\"inLanguage\":\"de-DE\"}]}<\/script>\n<!-- \/ Yoast SEO plugin. -->","yoast_head_json":{"title":"SHK-Arbeitsbl\u00e4tter - Lehr- und Pr\u00fcfungsmaterial f\u00fcr Schule &amp; Ausbildung | Christiani.de","description":"Kostenlose SHK-Arbeitsbl\u00e4tter - F\u00fcr\u00a0Azubis zum Anlagenmechaniker\/-in SHK stellen wir kostenlos Arbeitsbl\u00e4tter mit ausbildungsrelevanten Aufgaben bereit. Di","robots":{"index":"index","follow":"follow","max-snippet":"max-snippet:-1","max-image-preview":"max-image-preview:large","max-video-preview":"max-video-preview:-1"},"canonical":"https:\/\/www.christiani.de\/cms\/shk-arbeitsblaetter\/","og_locale":"de_DE","og_type":"article","og_title":"SHK-Arbeitsbl\u00e4tter - Lehr- und Pr\u00fcfungsmaterial f\u00fcr Schule &amp; Ausbildung | Christiani.de","og_description":"Kostenlose SHK-Arbeitsbl\u00e4tter - F\u00fcr\u00a0Azubis zum Anlagenmechaniker\/-in SHK stellen wir kostenlos Arbeitsbl\u00e4tter mit ausbildungsrelevanten Aufgaben bereit. Di","og_url":"https:\/\/www.christiani.de\/cms\/shk-arbeitsblaetter\/","og_site_name":"Lehr- und Pr\u00fcfungsmaterial f\u00fcr Schule &amp; Ausbildung | Christiani.de","article_modified_time":"2023-03-23T15:25:11+00:00","twitter_card":"summary_large_image","twitter_misc":{"Gesch\u00e4tzte Lesezeit":"8 Minuten"},"schema":{"@context":"https:\/\/schema.org","@graph":[{"@type":"WebPage","@id":"https:\/\/www.christiani.de\/cms\/shk-arbeitsblaetter\/","url":"https:\/\/www.christiani.de\/cms\/shk-arbeitsblaetter\/","name":"SHK-Arbeitsbl\u00e4tter - Lehr- und Pr\u00fcfungsmaterial f\u00fcr Schule &amp; Ausbildung | Christiani.de","isPartOf":{"@id":"https:\/\/www.christiani.de\/cms\/#website"},"datePublished":"2023-03-23T15:09:50+00:00","dateModified":"2023-03-23T15:25:11+00:00","description":"Kostenlose SHK-Arbeitsbl\u00e4tter - F\u00fcr\u00a0Azubis zum Anlagenmechaniker\/-in SHK stellen wir kostenlos Arbeitsbl\u00e4tter mit ausbildungsrelevanten Aufgaben bereit. Di","breadcrumb":{"@id":"https:\/\/www.christiani.de\/cms\/shk-arbeitsblaetter\/#breadcrumb"},"inLanguage":"de-DE","potentialAction":[{"@type":"ReadAction","target":["https:\/\/www.christiani.de\/cms\/shk-arbeitsblaetter\/"]}]},{"@type":"BreadcrumbList","@id":"https:\/\/www.christiani.de\/cms\/shk-arbeitsblaetter\/#breadcrumb","itemListElement":[{"@type":"ListItem","position":1,"name":"christiani.de","item":"https:\/\/www.christiani.de"},{"@type":"ListItem","position":2,"name":"SHK-Arbeitsbl\u00e4tter"}]},{"@type":"WebSite","@id":"https:\/\/www.christiani.de\/cms\/#website","url":"https:\/\/www.christiani.de\/cms\/","name":"Lehr- und Pr\u00fcfungsmaterial f\u00fcr Schule &amp; Ausbildung | Christiani.de","description":"Christiani.de","potentialAction":[{"@type":"SearchAction","target":{"@type":"EntryPoint","urlTemplate":"https:\/\/www.christiani.de\/cms\/?s={search_term_string}"},"query-input":{"@type":"PropertyValueSpecification","valueRequired":true,"valueName":"search_term_string"}}],"inLanguage":"de-DE"}]}},"_links":{"self":[{"href":"https:\/\/www.christiani.de\/cms\/wp-json\/wp\/v2\/pages\/26885"}],"collection":[{"href":"https:\/\/www.christiani.de\/cms\/wp-json\/wp\/v2\/pages"}],"about":[{"href":"https:\/\/www.christiani.de\/cms\/wp-json\/wp\/v2\/types\/page"}],"author":[{"embeddable":true,"href":"https:\/\/www.christiani.de\/cms\/wp-json\/wp\/v2\/users\/16"}],"replies":[{"embeddable":true,"href":"https:\/\/www.christiani.de\/cms\/wp-json\/wp\/v2\/comments?post=26885"}],"version-history":[{"count":18,"href":"https:\/\/www.christiani.de\/cms\/wp-json\/wp\/v2\/pages\/26885\/revisions"}],"predecessor-version":[{"id":26927,"href":"https:\/\/www.christiani.de\/cms\/wp-json\/wp\/v2\/pages\/26885\/revisions\/26927"}],"wp:attachment":[{"href":"https:\/\/www.christiani.de\/cms\/wp-json\/wp\/v2\/media?parent=26885"}],"curies":[{"name":"wp","href":"https:\/\/api.w.org\/{rel}","templated":true}]}}